 What is the greatest common factor of 45 and a?
15
Let h = 22572 + -22528. Calculate the greatest common divisor of 412 and h.
4
Let n be 247/(-13) + 16 - (-145 + -1). Calculate the highest common divisor of n and 104.
13
Let w(o) = 5*o**2 - 143*o + 110. Let m be w(-20). Calculate the highest common factor of m and 10.
10
Let i = -10784 + 12998. What is the greatest common divisor of i and 12?
6
Let a be 6/(-2) + 4 + -3 + 3. Calculate the highest common divisor of 150 and a.
1
Suppose -2*r - 52 = -2*c, -c + 150 - 112 = -3*r. What is the greatest common divisor of 4330 and c?
10
Let u(i) = 5*i + 7. Let k be u(6). Suppose -255*t = -54*t - 171051. Calculate the highest common divisor of t and k.
37
Let j(z) be the first derivative of -3*z**2/2 + 73*z - 22. Let n be j(22). What is the greatest common factor of 7 and n?
7
Let q be (-3)/(-6)*-2 - 13. Let d be (-60)/(-3 - q/6). Let n = d + -82. Calculate the greatest common divisor of n and 24.
8
Let n(g) = g**3 - 7*g**2 + 10*g - 18. Let b be n(6). What is the highest common divisor of b and 2382?
6
Let g(m) = 14*m - 145. Suppose 5*u + 3*r - 28 - 32 = 0, 36 = 3*u + 4*r. Let o be g(u). Calculate the greatest common divisor of 644 and o.
23
Let z(r) = 10*r + 173. Let a be z(-17). Suppose -4*p + 152 + 328 = 2*j, -243 = -j - a*p. What is the greatest common divisor of 312 and j?
78
Let t be ((-1190)/20 + 18 - -10)*(-2)/3. What is the greatest common factor of 2534 and t?
7
Let d = 2062 - 1817. What is the highest common factor of d and 385?
35
Let s be 0/2 + -621 + -1 + 3. Let f = -547 - s. Suppose -3*q = 3*b - 138, 3*q + 4*b - 136 = -0*b. Calculate the highest common factor of f and q.
24
Let d be (-4414)/(-4) - ((-147)/42 + 2). Suppose -w + 5*l + 85 = 0, 2*l = -w - 50 + 107. What is the highest common divisor of d and w?
65
Suppose 641 + 555 = 23*h. Calculate the highest common divisor of 598 and h.
26
Let z = -13372 + 21900. Calculate the greatest common divisor of 208 and z.
208
Let n = 20 - 2. Let r be -4 + 45/5 + -3. Suppose 4*f - r*y = 80, 0*f + 2*y - 28 = -2*f. Calculate the greatest common factor of n and f.
18
Suppose -5*v + 296 = 51. Let l be (-8578)/(-7) + 1065/(-2485). What is the greatest common divisor of l and v?
49
Suppose 0 = -3*s - s + 8. Let t(k) = -12 - 3*k - 6*k - k**2 - s*k - 8. Let j be t(-7). What is the greatest common divisor of j and 2?
2
Suppose 429 = -7*a - 1678. Let p be -2 - ((-48)/14 - (-172)/a). Calculate the highest common divisor of p and 18.
2
Let o(x) = -133*x + 231. Let s be o(-5). Let v be 1 + 0 - s/(-64). What is the highest common divisor of v and 36?
3
Let v(b) = -4*b + 51. Let t be v(11). Let h(a) = -5*a + 40. Let x be h(t). Let w be -3 + -4 + x - -42 - 4. Calculate the greatest common divisor of 3 and w.
3
Suppose 24*m - 379 = 1061. Calculate the highest common divisor of 132 and m.
12
Let f be 8124/180*3 - (-4)/(-10). Suppose -44*g - 150 = -49*g. Calculate the highest common divisor of g and f.
15
Let f = 291 + 115. Let n = f + -287. What is the highest common divisor of n and 17?
17
Suppose 19*f - 40 + 2 = 0. Let g be (f/4)/(11/1254). Suppose -2*p + 5*p = 57. Calculate the highest common divisor of p and g.
19
Let g(y) = -2*y**2 + 16*y + 5. Let a be g(8). Suppose -4*j - a*h = -67, -j + 4*j = 2*h + 56. What is the highest common factor of j and 90?
18
Suppose 14*u - 396 = -46. Suppose -u + 313 = 12*d. Let m(o) = o**2 - o + 216. Let y be m(0). What is the highest common divisor of y and d?
24
Suppose -5*n + 1198 = 3*p - 2929, 0 = -4*p - 4*n + 5492. Calculate the highest common divisor of p and 962.
37
Let z = -5631 + 6611. What is the greatest common factor of 180 and z?
20
Let l = -626893 + 626909. Let u(g) = g - 2. Let v be u(7). Suppose s - 21 + v = 0. What is the highest common factor of l and s?
16
Let y = 15 - 13. Suppose 4*r = -y*l - 6, r - 8 = 3*r. Suppose -2*g = 3*g - u - 71, 0 = -5*g + l*u + 75. What is the greatest common factor of 28 and g?
14
Let o = -434 + 439. Suppose 0 = o*s + 67 - 787. What is the highest common divisor of 9 and s?
9
Suppose -7*x = -3*x - 248. Let u = 29 + x. What is the highest common divisor of u and 143?
13
Let u be 174/(-9)*(-15)/10. What is the greatest common divisor of u and 1189?
29
Suppose 4*g - 19 = 2*g + x, -3*g + 46 = 2*x. Suppose -5*b = -s - 94, -2*b + b - s + 14 = 0. Let n = b - 15. What is the highest common divisor of g and n?
3
Let q = -6293 - -9335. Calculate the greatest common factor of 156 and q.
78
Suppose 283 = -111*r + 114*r - 4*s, -2*r + 4*s + 186 = 0. Calculate the highest common factor of r and 1.
1
Let b = -7 - -51. Let i be ((-3)/(-9))/(1/2) - (-988)/3. What is the highest common divisor of b and i?
22
Suppose 2504 = 21*x - 10348. Suppose -420 = 11*b - 1168. What is the highest common factor of b and x?
68
Let o be -16 - (-264)/12 - -1751. Calculate the greatest common factor of 753 and o.
251
Let t be (-1344)/104*286/(-44). What is the greatest common factor of t and 132?
12
Suppose 30*l - 126 = 28*l. Let c = -72 - -93. What is the greatest common divisor of c and l?
21
Suppose 30*h - 3376 = 6344. Calculate the greatest common divisor of h and 468.
36
Suppose 246*t - 237*t = 819. What is the greatest common divisor of t and 6006?
91
Let w be 4666/7 + (-21)/(-49) + 5. Calculate the greatest common divisor of w and 420.
84
Let s be (35 - 2) + 8/2. Let d = s - 42. Let w be (-99)/d + (-5)/(-25). What is the highest common divisor of w and 20?
20
Let j(l) = 12*l - 5. Let t = -104 + 105. Let v be j(t). What is the greatest common divisor of v and 14?
7
Suppose -4*c + 865 = c. Let a = 764 + -694. Suppose -l = 4*p - a, 0 = l - 3*l + 3*p + c. What is the highest common factor of l and 123?
41
Let y(t) = 3*t + 2. Let a be y(1). Suppose -3*d - 28 = a*v + 89, -78 = 2*d + 4*v. Let b = d + 61. Calculate the greatest common factor of b and 22.
22
Suppose 205 = 4*w + w. Suppose -10842 - 27270 = -1442*i + 21010. What is the highest common factor of i and w?
41
Suppose -2331*u + 2330*u + 2*v = -5, 65 = 4*u + v. Calculate the greatest common factor of 6285 and u.
15
Let n be 158 - (0 + 0 - -4). Suppose n + 371 = y. Suppose -3*v = -0*v - y. What is the highest common factor of 25 and v?
25
Let o be 456/(-4)*((-14)/70)/((-6)/(-20)). Let d = 45 + 12. What is the highest common divisor of o and d?
19
Let d be 12/10*40/3. Let t be (1/2)/((-7)/(-1232)). Calculate the highest common divisor of d and t.
8
Suppose 3 = 88*p - 85*p, 2*h - 7 = 3*p. Calculate the greatest common divisor of h and 10805.
5
Let c be 5 + ((-20)/(-5) - 3). Suppose 10*h - c*h - 352 = 0. Let w be h/12*(12 - 0). Calculate the highest common divisor of 11 and w.
11
Let a = 2072 - 2045. Calculate the highest common factor of a and 1161.
27
Suppose 355*v - 40200 = 330*v. What is the greatest common factor of 48 and v?
24
Let u be (-306147)/(-492) - 15/(-20). What is the greatest common factor of u and 329?
7
Let i be (-62700)/(-21) - ((-17)/(476/8) - 0). Calculate the highest common factor of 1 and i.
1
Let o be 8/2 - (-6 + 5). Let r = -152 - -87. Let s = r + 110. Calculate the greatest common factor of o and s.
5
Suppose 0*l + 251 = 2*a - l, 0 = a + l - 133. Let q = a + -105. What is the highest common divisor of q and 3?
1
Suppose 14 = 2*g + 4*a, 13*g - 26 = 10*g - 5*a. Let i = -1 + g. What is the greatest common divisor of i and 592?
16
Let d(s) = -1981*s - 3883. Let z be d(-2). Calculate the greatest common factor of z and 21251.
79
Suppose 0 = -2*k + 4*k - 8. Suppose -84 = 2*b - k*b. Suppose 20 = 5*r, 5*i = -r + 72 + 37. Calculate the highest common factor of b and i.
21
Suppose 46*i - 19869 - 98857 = 0. Calculate the greatest common factor of i and 58.
29
Let c = -1544 + 2273. What is the greatest common factor of c and 6?
3
Let j be (-99)/(-6)*(21 + -31). Let d = j - -213. Calculate the highest common divisor of d and 336.
48
Suppose -4*i - 5*t + 7*t + 8022 = 0, 7 = -t. What is the greatest common divisor of i and 7?
7
Let o be ((-72)/(-9))/(2/6). Suppose -l - o*r = -23*r - 5, l - 3*r - 21 = 0. Let n be (-2 + (-16)/1)*-2. Calculate the highest common divisor of n and l.
9
Let s = 1112 + -580. Suppose -126*l + 130*l = s. What is the highest common divisor of 7 and l?
7
Let c be 11/(66/42) + (2 - -37 - 3). Calculate the highest common divisor of